s 292 a factor of 37555972?
False
Is 226943636 a multiple of 16?
False
Is 26309472 a multiple of 4240?
False
Is 4753124 a multiple of 155?
False
Is 1134029423 a multiple of 1409?
True
Is 532475636 a multiple of 753?
False
Is 191 a factor of 50497137?
False
Does 15 divide 1955257290?
True
Is 385 a factor of 39865803?
False
Does 31 divide 933441434?
True
Is 28 a factor of 319180?
False
Is 19907822 even?
True
Is 100594492 a multiple of 5987?
False
Is 6472 a factor of 2462703161?
False
Is 13 a factor of 18916963?
True
Does 3 divide 180169177?
False
Is 13074147 a multiple of 57?
True
Is 8 a factor of 393213208?
True
Is 21675255 a multiple of 17?
True
Is 66580512 a multiple of 254?
True
Does 82 divide 2536160406?
False
Is 17 a factor of 311057330?
True
Is 103237680 a multiple of 4524?
True
Is 3049 a factor of 531490920?
False
Does 37 divide 11123199?
True
Does 81 divide 105241680?
True
Does 3 divide 387926796?
True
Does 29 divide 257554365?
True
Is 11 a factor of 20022343?
True
Is 8530272 a multiple of 9?
True
Does 38 divide 126487332?
True
Is 116 a factor of 108692?
True
Is 20 a factor of 22242000?
True
Does 98 divide 9017212?
False
Is 179962335 a multiple of 8527?
True
Is 244 a factor of 39318892?
True
Is 42 a factor of 12167148?
True
Does 168 divide 4998336?
True
Is 12832186 a multiple of 3?
False
Does 2094 divide 131513217?
False
Does 507 divide 36274466?
False
Does 57 divide 152261877?
True
Is 46 a factor of 134367564?
True
Does 2907 divide 4687563699?
False
Is 2136764938 a multiple of 5494?
True
Is 99431222 a multiple of 14?
False
Does 12 divide 835255777?
False
Does 51 divide 851882070?
True
Is 8892220 a multiple of 436?
True
Is 19151244 a multiple of 28?
True
Is 124960012 a multiple of 103?
True
Does 156 divide 468649297?
False
Is 107 a factor of 34621883?
True
Is 21262849 a multiple of 167?
False
Is 1647 a factor of 884536173?
True
Does 28 divide 1796008144?
True
Is 119059738 a multiple of 4427?
True
Does 122 divide 1943649586?
False
Is 898695618 a multiple of 1786?
False
Does 1016 divide 177661436?
False
Is 388213500 a multiple of 75?
True
Is 58078960 a multiple of 662?
False
Is 15 a factor of 3887640499?
False
Does 10 divide 96138301?
False
Is 22 a factor of 162282274?
True
Does 411 divide 51123057?
True
Is 63 a factor of 8382524?
False
Does 116 divide 199426272?
True
Does 2887 divide 26788026?
False
Does 1718 divide 61418402?
False
Is 57 a factor of 113565297?
False
Is 39 a factor of 71531377?
False
Is 5512850 a multiple of 25?
True
Is 2459920786 a multiple of 78?
False
Is 1112 a factor of 660477960?
True
Is 35207595 a multiple of 391?
True
Does 60 divide 58948800?
True
Is 91050090 a multiple of 38?
True
Is 65 a factor of 14180017?
False
Does 2700 divide 674866913?
False
Does 920 divide 1393352880?
True
Is 12 a factor of 102030408?
True
Is 5516 a factor of 5747672?
True
Is 8 a factor of 2669968?
True
Is 77 a factor of 72522388?
False
Is 168 a factor of 168448338?
False
Does 9 divide 1843092?
True
Is 24 a factor of 184105824?
True
Is 2588134072 a multiple of 2415?
False
Is 54483660 a multiple of 2925?
False
Is 12361020 a multiple of 399?
True
Is 301867667 a multiple of 125?
False
Does 1389 divide 67991550?
True
Is 53694135 a multiple of 495?
True
Is 6 a factor of 20681082?
True
Does 7 divide 69032387?
False
Does 537 divide 106062240?
False
Is 3980316 a multiple of 4?
True
Does 73 divide 31767337?
True
Does 1773 divide 20960043?
False
Is 9 a factor of 17912925?
True
Does 2802 divide 179819430?
False
Is 778 a factor of 260660342?
True
Does 46 divide 79153488?
True
Is 66 a factor of 410494656?
True
Does 13 divide 807934309?
True
Does 7 divide 287547078?
True
Is 981035 a multiple of 55?
True
Is 361 a factor of 20719734?
False
Is 154784047 a multiple of 43?
True
Is 533132 a multiple of 22?
False
Does 56 divide 60225088?
True
Does 247 divide 241842775?
False
Is 11 a factor of 30374403?
False
Does 54 divide 59422083?
False
Is 549140150 a multiple of 1690?
True
Is 74610785 a multiple of 2?
False
Does 193 divide 603608272?
True
Is 3 a factor of 160729364?
False
Is 5 a factor of 8767225?
True
Is 85 a factor of 1271082724?
False
Is 9489096 a multiple of 8?
True
Is 857 a factor of 35396671?
True
Is 34 a factor of 11140134?
True
Does 10 divide 40335290?
True
Is 36490198 a multiple of 388?
False
Does 914 divide 38887958?
True
Is 6 a factor of 17382684?
True
Is 166 a factor of 119173724?
True
Is 389738160 a multiple of 45?
True
Does 828 divide 217301864?
False
Is 116210089 a multiple of 2?
False
Is 101 a factor of 166130748?
False
Is 3 a factor of 752360472?
True
Is 3049597550 a multiple of 4850?
True
Is 254163691 a multiple of 441?
False
Does 37 divide 38657315?
False
Is 308686149 a multiple of 26?
False
Is 9 a factor of 140396060?
False
Does 178 divide 65529276?
True
Does 362 divide 323295684?
True
Is 8 a factor of 15712681?
False
Is 2989865036 a multiple of 14?
False
Is 1975 a factor of 233992075?
True
Is 392992341 a multiple of 1095?
False
Is 1482853412 a multiple of 55?
False
Is 322 a factor of 46171580?
True
Is 1720 a factor of 111703680?
True
Is 20 a factor of 59808815?
False
Is 763 a factor of 3055815?
True
Does 4925 divide 101326950?
True
Does 2 divide 5047270?
True
Is 323 a factor of 23069306?
True
Is 461 a factor of 2823328?
False
Is 338 a factor of 69706248?
False
Is 85600845 even?
False
Is 876545147 a multiple of 334?
False
Is 1364950737 a multiple of 821?
False
Does 27 divide 12577167?
True
Is 27 a factor of 33345297?
True
Is 46 a factor of 317803650?
True
Is 246693377 a multiple of 32?
False
Is 153 a factor of 171616428?
True
Is 600432638 a multiple of 2062?
False
Does 368 divide 219893984?
True
Is 165 a factor of 22444620?
True
Is 1206073186 a multiple of 163?
True
Is 438 a factor of 104113251?
False
Is 1410232 a multiple of 73?
False
Is 179 a factor of 2110386885?
False
Does 22 divide 410712258?
True
Is 373 a factor of 411190804?
False
Does 707 divide 111797203?
True
Is 92767753 a multiple of 4?
False
Is 1812313561 a multiple of 653?
False
Is 1721 a factor of 29525476?
True
Does 128 divide 346140288?
True
Does 4284 divide 360760432?
False
Is 278 a factor of 537182170?
False
Does 110 divide 320540?
True
Is 99 a factor of 6517962?
True
Does 1201 divide 430823664?
False
Does 497 divide 77388928?
False
Is 1967 a factor of 34544709?
False
Is 4327 a factor of 505722452?
True
Does 24 divide 1716046704?
True
Does 177 divide 108370551?
True
Is 284430 a multiple of 114?
True
Does 8 divide 507466904?
True
Is 38252751 a multiple of 578?
False
Is 154565684 a multiple of 247?
True
Is 5 a factor of 533134?
False
Is 154234869 a multiple of 3215?
False
Is 258643262 a multiple of 4?
False
Does 36 divide 143224051?
False
Does 1338 divide 26448246?
True
Is 440 a factor of 133058664?
False
Is 26 a factor of 1597433118?
False
Does 721 divide 18004424?
False
Is 25 a factor of 10688200?
True
Is 2045711 a multiple of 84?
False
Is 199109337 a multiple of 56?
False
Is 619 a factor of 11384971?
False
Does 18 divide 191322234?
True
Does 10925 divide 1719675199?
False
Is 2462342 a multiple of 3986?
False
Is 7 a factor of 11378640?
True
Does 94 divide 175703797?
False
Is 2499 a factor of 98460600?
True
Is 152 a factor of 547488040?
True
Is 255 a factor of 2367675?
True
Does 12 divide 588876?
True
Is 52927212 a multiple of 157?
True
Is 34359761 a multiple of 16?
False
Does 4 divide 131694024?
True
Is 1198 a factor of 1075472154?
True
Does 314 divide 58366948?
True
Is 4475 a factor of 1130367100?
True
Does 3554 divide 1554413412?
False
Does 11 divide 778539069?
True
Is 650 a factor of 6500650?
True
Is 210 a factor of 3135510?
True
Does 67 divide 67381766?
True
Is 278 a factor of 2465494430?
True
Is 4627980 a multiple of 84?
True
Does 13 divide 277991945?
False
Is 18 a factor of 38239077?
False
Does 38 divide 44132706?
True
Is 152813368 a multiple of 12?
False
Does 49 divide 191857050?
True
Is 12 a factor of 1877244669?
False
Does 200 divide 228716800?
True
Is 75 a factor of 13021097?
False
Is 303256355 a multiple of 177?
False
Is 36991290 a multiple of 114?
True
Does 5 divide 230580?
True
Does 5093 divide 584788446?
True
Does 8 divide 621299216?
True
Does 16 divide 3541777?
False
Is 54 a factor of 1541766142?
False
Is 283 a factor of 45692048?
True
Is 17180984 a m